 23?
False
Is 9 a factor of 2949384?
False
Does 179 divide 379838?
True
Does 6 divide 3090685?
False
Is 42312 a multiple of 164?
True
Is 15405390 a multiple of 585?
True
Is 27432 a multiple of 127?
True
Does 7 divide 3857088?
False
Does 11 divide 465730?
False
Is 16 a factor of 7392512?
True
Is 646572 a multiple of 276?
False
Is 231 a factor of 23358?
False
Does 5 divide 196015?
True
Is 10647256 a multiple of 922?
True
Is 117 a factor of 5016960?
True
Is 6043134 a multiple of 354?
True
Is 1624812 a multiple of 58?
True
Is 638 a factor of 401302?
True
Is 5940 a multiple of 20?
True
Is 3703930 a multiple of 33?
False
Does 3 divide 967311?
True
Does 9 divide 3669390?
True
Is 2393265 a multiple of 483?
True
Is 15259296 a multiple of 16?
True
Is 78764 a multiple of 116?
True
Is 8 a factor of 4851?
False
Does 63 divide 9134748?
True
Is 162099 a multiple of 86?
False
Does 132 divide 26836377?
False
Is 2059449 a multiple of 21?
True
Is 14188 a multiple of 64?
False
Does 157 divide 349011?
True
Is 37 a factor of 618303?
False
Does 12 divide 3408?
True
Does 6 divide 42495?
False
Is 323881 a multiple of 116?
False
Does 72 divide 3530448?
True
Is 48 a factor of 1398864?
True
Is 3881948 a multiple of 17?
False
Is 105589 a multiple of 19?
False
Is 6320 a multiple of 67?
False
Does 270 divide 80732?
False
Is 11 a factor of 9028981?
False
Is 5868491 a multiple of 17?
False
Does 4 divide 32153?
False
Is 7 a factor of 30912?
True
Is 127682 a multiple of 7?
False
Is 9 a factor of 3806532?
True
Is 91 a factor of 50414?
True
Is 117 a factor of 474903?
True
Is 110 a factor of 2459160?
True
Is 27911620 a multiple of 53?
False
Is 50 a factor of 10143?
False
Is 351 a factor of 220630?
False
Is 35 a factor of 1383865?
True
Does 60 divide 191976?
False
Does 555 divide 466200?
True
Is 36 a factor of 1182168?
True
Does 55 divide 415415?
True
Is 41 a factor of 2191819?
True
Does 111 divide 90132?
True
Is 47 a factor of 175310?
True
Is 61828 a multiple of 116?
True
Is 125940 a multiple of 10?
True
Is 275208 a multiple of 47?
False
Is 437 a factor of 1480937?
False
Does 454 divide 13870509?
False
Is 138 a factor of 170802?
False
Is 143 a factor of 1116950?
False
Is 28 a factor of 491553?
False
Is 190842 a multiple of 51?
True
Does 46 divide 285843?
False
Is 52 a factor of 350339?
False
Is 23 a factor of 257968?
True
Is 186 a factor of 2140467?
False
Does 28 divide 47628?
True
Does 69 divide 27088?
False
Is 289 a factor of 253134?
False
Is 13088917 a multiple of 314?
False
Is 7166361 a multiple of 24?
False
Is 3106182 a multiple of 211?
False
Does 29 divide 674782?
False
Is 139 a factor of 32943?
True
Does 51 divide 5016082?
False
Is 898692 a multiple of 184?
False
Does 15 divide 4415505?
True
Does 180 divide 18420038?
False
Is 3466339 a multiple of 957?
False
Does 32 divide 6784?
True
Is 1442196 a multiple of 12?
True
Does 30 divide 141180?
True
Does 49 divide 3704158?
False
Is 195 a factor of 19110?
True
Is 1278279 a multiple of 87?
False
Is 926969 a multiple of 41?
True
Is 767045 a multiple of 167?
False
Is 18 a factor of 155178?
True
Is 377016 a multiple of 552?
True
Does 107 divide 248882?
True
Is 10 a factor of 4718544?
False
Is 1197720 a multiple of 72?
True
Is 141856 a multiple of 44?
True
Does 15 divide 601304?
False
Does 22 divide 18548?
False
Does 3 divide 9801?
True
Is 4 a factor of 1349052?
True
Does 917 divide 7450625?
True
Does 22 divide 3535906?
True
Does 82 divide 1527?
False
Is 132 a factor of 5676?
True
Does 44 divide 598364?
False
Is 129 a factor of 11091549?
True
Does 12 divide 313501?
False
Is 7121530 a multiple of 26?
True
Does 11 divide 3436521?
True
Does 29 divide 233319?
False
Is 20375260 a multiple of 14?
False
Is 102759 a multiple of 12?
False
Is 1444289 a multiple of 16?
False
Does 660 divide 1064580?
True
Is 85 a factor of 1863305?
False
Is 7 a factor of 8323?
True
Is 1659900 a multiple of 100?
True
Is 25 a factor of 3420475?
True
Does 150 divide 3137400?
True
Is 8062312 a multiple of 110?
False
Is 5 a factor of 738500?
True
Does 5 divide 431527?
False
Is 635100 a multiple of 6?
True
Is 2719024 a multiple of 748?
False
Is 14830 a multiple of 7?
False
Does 32 divide 16009403?
False
Does 22 divide 10622480?
True
Is 33 a factor of 878955?
True
Does 13 divide 122460?
True
Is 9131900 a multiple of 263?
False
Is 14 a factor of 147303?
False
Is 1474950 a multiple of 232?
False
Is 28200 a multiple of 177?
False
Does 20 divide 34150?
False
Does 544 divide 17143006?
False
Is 3192972 a multiple of 12?
True
Does 19 divide 809286?
True
Is 88450 a multiple of 145?
True
Is 14 a factor of 6200376?
True
Is 8 a factor of 103699?
False
Is 2369961 a multiple of 358?
False
Is 178075 a multiple of 25?
True
Is 2110754 a multiple of 26?
False
Is 79 a factor of 903707?
False
Is 7441749 a multiple of 399?
True
Does 7 divide 31577?
True
Does 8 divide 368489?
False
Is 33231 a multiple of 53?
True
Is 132 a factor of 33792?
True
Is 19 a factor of 4987558?
False
Is 982544 a multiple of 129?
False
Does 858 divide 11571846?
True
Does 13 divide 3785145?
True
Does 263 divide 913466?
False
Does 384 divide 630528?
True
Is 199542 a multiple of 154?
False
Is 72 a factor of 444647?
False
Is 73837 a multiple of 50?
False
Does 16 divide 611520?
True
Is 137 a factor of 5495070?
True
Is 179010 a multiple of 17?
True
Is 4617770 a multiple of 44?
False
Does 4 divide 194764?
True
Is 25840558 a multiple of 35?
False
Is 5454562 a multiple of 70?
False
Does 89 divide 4433445?
False
Is 4374097 a multiple of 497?
True
Is 15 a factor of 158482?
False
Is 11 a factor of 1352131?
True
Does 36 divide 696108?
False
Is 14009460 a multiple of 12?
True
Is 82568 a multiple of 139?
False
Does 37 divide 664235?
False
Is 16 a factor of 1184579?
False
Is 164923 a multiple of 16?
False
Is 23 a factor of 377660?
True
Does 94 divide 79364?
False
Is 2793560 a multiple of 14?
True
Is 43 a factor of 16852?
False
Does 420 divide 181860?
True
Does 149 divide 370116?
True
Is 10 a factor of 68428?
False
Does 18 divide 5000032?
False
Does 50 divide 1466103?
False
Does 52 divide 58965?
False
Is 117 a factor of 3472636?
False
Is 152 a factor of 1993024?
True
Is 410 a factor of 551040?
True
Does 18 divide 272322?
True
Does 147 divide 280740?
False
Does 11 divide 121572?
True
Is 24449 a multiple of 34?
False
Is 535103 a multiple of 19?
False
Is 3880 a multiple of 3?
False
Is 27 a factor of 1010034?
False
Does 472 divide 533203?
False
Is 104958 a multiple of 51?
True
Is 2419912 a multiple of 88?
True
Is 12265383 a multiple of 46?
False
Is 165 a factor of 101579?
False
Is 12 a factor of 23899?
False
Is 39 a factor of 139254?
False
Is 262657 a multiple of 91?
False
Is 2235523 a multiple of 29?
True
Does 716 divide 15094712?
True
Is 4 a factor of 735143?
False
Does 388 divide 975432?
True
Does 8 divide 7145?
False
Does 35 divide 170404?
False
Is 3678 a multiple of 117?
False
Is 29 a factor of 796205?
False
Does 136 divide 66311?
False
Does 22 divide 3596032?
True
Is 994792 a multiple of 6?
False
Does 15 divide 13740?
True
Does 168 divide 7054320?
True
Does 74 divide 195971?
False
Does 189 divide 8492904?
True
Is 29 a factor of 824876?
True
Is 133 a factor of 101748?
False
Does 8 divide 4315297?
False
Does 418 divide 4262216?
False
Is 406325 a multiple of 10?
False
Is 376656 a multiple of 708?
True
Is 225 a factor of 180523?
False
Is 1567560 a multiple of 13?
False
Does 108 divide 34776?
True
Is 18 a factor of 859331?
False
Does 34 divide 856881?
False
Is 8788740 a multiple of 571?
False
Is 88 a factor of 24746286?
False
Is 18860930 a multiple of 554?
True
Is 779 a factor of 11170856?
False
Does 7 divide 1312598?
True
Is 758431 a multiple of 419?
False
Does 10 divide 3787445?
False
Is 46 a factor of 1166632?
False
Does 114 divide 3669888?
True
Is 307 a factor of 216514?
False
Is 132 a factor of 220480?
False
Is 13311674 a multiple of 57?
False
Is 38 a factor of 8322?
True
Does 839 divide 4761223?
False
Is 16 a factor of 15293577?
False
Does 313 divide 5618143?
False
Does 95 divide 225865?
False
Does 65 divide 4291170?
True
Is 5716369 a multiple of 31?
True
Does 35 divide 805547?
False
Is 184455 a multiple of 5?
True
Does 5 divide 64587?
False
Is 93 a factor of 2706114?
True
Is 160 a factor of 220390?
False
Is 382237 a multipl